2/2 + 4*x + 1. Give u(l).
1
Suppose -7 = -4*b - 5*m, 5*m = 3*b - 14 - 0. Let q(h) = -h**2 - h + 7 + 10 + 5*h**b - 18. Calculate q(-1).
-6
Let w(a) = a**2 + 1. Let d be (-3 - 0)/(-3) + 2. Suppose d*b = -2*b. Calculate w(b).
1
Let b(c) = -c**2 + 5*c - 2. Let p be b(2). Let r(u) = -14 + 7 + 2*u + 8. Let h(z) = 6*z + 2. Let j(g) = -5*h(g) + 14*r(g). Give j(p).
-4
Let k(f) = -30 - f + 11*f + 28. Give k(3).
28
Let p(v) = -v**3 - 6*v**2 + v + 8. Let o(a) = 48*a - 294. Let k be o(6). Give p(k).
2
Suppose 2*x = 22 - 2. Let y(a) = -7 + x*a - 11*a - 3 + 2. Give y(0).
-8
Let g(s) = -2 + 2 - 5*s + 5*s + 3*s + 9. Determine g(-6).
-9
Let c(i) = -2*i - 7. Let x be (-10)/(-12) - (-8 + (-963)/(-54)). Calculate c(x).
11
Let h(s) = s**3 + 5*s**2 + 3*s - 1. Let v be h(-3). Suppose f - 4*o - 11 = 0, -8*f = -4*f - 4*o - v. Let l(d) = d**2 - d. Determine l(f).
2
Suppose -2*k + z = -0*z + 7, -3*z = -3*k - 6. Let g(y) = -7*y + 1135 + 0*y - 7*y**2 - 1136 - y**3. What is g(k)?
-16
Let g = 1397 + -1398. Let t(r) = r**3 + r**2 + 2*r + 1. Determine t(g).
-1
Let c be -1 + (-114)/(-15) - 18/30. Let y(o) = 5 - 20*o**2 + 0 - c. Calculate y(1).
-21
Let j(d) = -d**2 - 4*d + 7. Suppose -5*b = 2*r + 28, -2*r - 3*b - 1 - 23 = 0. Let o = r + 3. Determine j(o).
-5
Let z(p) = 5*p**3 + 9*p**2 + 16*p + 25. Let q(c) = -c**3 - 2*c**2 - 3*c - 5. Let x(i) = -11*q(i) - 2*z(i). Calculate x(-4).
1
Let n(g) = 9*g - 16. Let p(t) = -5*t + 9. Let v(r) = 3*n(r) + 5*p(r). What is v(5)?
7
Let r(l) = 1 + l + 2 - 5. Let c(t) = t. Let g(u) = 6*c(u) - 2*r(u). What is g(-4)?
-12
Suppose -4*l = 5*x - 40, 7 = 2*l + x - 7. Suppose -t + 27 = l*d, -2*d - 22 = -6*d - t. Let c(z) = -8*z + 5 - d + 0. Calculate c(1).
-8
Let p(m) = 3 - 1 + m**2 - 1 + 0*m**2. Suppose 22 = -f - 6. Let d = f + 28. Give p(d).
1
Let c(g) be the first derivative of 2*g**3 + g**2/2 - 9*g - 10. Let s(p) be the first derivative of c(p). Give s(-1).
-11
Suppose 5*k - 19 = -2*p, 0 = -k - 3*k + 12. Suppose p*t + 0*t = 3*f + 9, -2*t = 0. Let x(q) = -2*q**3 + 3*q**3 + 8*q**2 - 4 - 4*q**2. Calculate x(f).
5
Suppose -5*n + 18 = -2*f, -2*f + 4*n - 2 - 14 = 0. Let a(b) = -5*b**2 - 3*b + 1. Give a(f).
-67
Let c be 1*-7*(-4 - 128/(-28)). Let j(l) = l**3 + 6*l**2 + 10*l + 5. Give j(c).
-3
Let y be (1 - 2)/(1/7). Let x(v) = -v**2 - 8*v - 6. Let a be x(y). Suppose -w - a + 5 = 0. Let n(r) = r - 3. Calculate n(w).
1
Suppose -2*j - 4*f - 22 = 0, 0 = 9*f - 13*f - 12. Let d(m) = 4*m**2 + 17*m - 12. What is d(j)?
3
Let f(a) = -a - 19*a**2 + 16*a**2 + 14*a**2. Let g(z) = -2*z**2 - 17*z + 10. Let r be g(-9). Give f(r).
10
Suppose 6*x = 2*x + 12. Suppose l + 0 = 3*o + 9, x*l = 5*o + 15. Let g(d) = -d**3 + 1. Determine g(l).
1
Let j(g) = g**2 - 13*g - 4. Let o(r) = 6*r**2 - 69*r - 20. Let l(b) = -11*j(b) + 2*o(b). Give l(-5).
4
Suppose x - 2 = 2*a + a, 2*a = 5*x - 23. Suppose -6 = 3*o - 4*o. Let b(f) = o*f - 3*f - 4*f. Give b(x).
-5
Let t(n) be the second derivative of n**5/20 - 13*n**4/12 + 11*n**3/6 + 4*n**2 + 91*n. Calculate t(12).
-4
Let q(f) = 2*f**2 + 3*f - 9. Let t be q(-5). Suppose -d = 3*u + 2*u + 34, 2*d = -3*u - t. Let z(y) = -y**3 - 7*y**2 - 6*y - 6. Give z(u).
-6
Let w(p) = 23*p - 11. Let l(j) = -2. Let m(y) = -6*l(y) + w(y). What is m(2)?
47
Let a(m) = -m**2 - 5*m + 5. Let r be a(-6). Let l(d) = 6*d + 2. Let x(i) = -i. Let n(b) = r*l(b) - 4*x(b). Determine n(2).
-6
Let m(v) = -2*v + 11. Let a be m(13). Let q be 6*2*a/(-20). Let s(z) = -z**3 + 8*z**2 + 10*z - 3. Give s(q).
6
Let t(j) = j - 2. Let m be t(2). Suppose 4 = 6*n - 8*n. Let x be (0 - n) + m - 5. Let v(y) = y**2 + 7*y + 4. Determine v(x).
-8
Let n(v) = 5 + 2*v**2 + 6*v**2 + v**2 - 10*v**2 + 2*v. Determine n(7).
-30
Let k be 7*1 - (-679)/(-97). Let o(d) be the third derivative of -d**6/120 + d**5/60 - d**4/24 - 7*d**3/3 + 4*d**2. Give o(k).
-14
Let s(g) be the third derivative of -g**4/24 - 7*g**3/6 + 103*g**2. Determine s(0).
-7
Let u = -79 + 81. Let b(c) = 0*c**3 + 2 + 5 + 6*c - 6*c**2 - u*c**3 + c**3. Let d(t) = 3*t + 2. Let h be d(-3). Calculate b(h).
14
Let z(w) = -15*w - 2 + 2*w + 11*w. Give z(9).
-20
Let t(k) = 6*k**2 + 2*k + 1. Let o = 12 + -15. Let g(l) = -13*l**2 - 5*l - 2. Let c(u) = o*g(u) - 7*t(u). Suppose 4*n - 2 - 2 = 0. Give c(n).
-3
Let a(k) = -k**3 + 3*k**2 + 2*k - 6. Let d be a(2). Let u(w) be the first derivative of -3*w + 2*w**3 - 7 - 1/4*w**4 + 4*w**d. Give u(7).
4
Suppose 0*h = 5*h - 25. Let k(l) be the first derivative of l**4/24 - l**3/3 + 7*l**2 - 17. Let o(i) be the second derivative of k(i). What is o(h)?
3
Suppose -2*r + 2*c = -12, 4*r + 5*c = 3*c + 6. Let h(s) be the second derivative of s**3/6 - s**2/2 + 11*s + 25. What is h(r)?
2
Suppose 3*c - 3*q + 27 = 6*c, 6 = -2*c + 4*q. Let a(u) = 2*u - 14. Determine a(c).
-4
Let a(h) = 7*h**3 - 13*h**2 - h - 1. Let c(x) = -13*x**3 + 24*x**2 + 2*x + 2. Let r(i) = 11*a(i) + 6*c(i). Determine r(-1).
2
Let v(r) be the third derivative of r**4/24 + 2*r**3 + 421*r**2. What is v(-9)?
3
Let l be (-450)/57 - (-38)/(-361). Let d(c) be the third derivative of -c**6/120 - 2*c**5/15 + c**4/24 + 11*c**3/6 + 2*c**2. Give d(l).
3
Suppose -100*k = 28*k + 768. Let l be 2/(-6)*9/(-1). Let p(z) = 6*z + 7 + 2 - l*z. Determine p(k).
-9
Let q(v) = -2*v - 1. Suppose -3*y = 5 + 4. Let n be (-3)/(y + 0) - -12. Suppose -c + s = -1, 5*c + 3*s = -0*c + n. Calculate q(c).
-5
Let x(i) be the second derivative of -i**3/2 + 7*i**2/2 + 7*i. Let u(c) = -c**2 + 13*c + 20. Let k be (-6)/(-15)*35/1. Let p be u(k). What is x(p)?
-11
Let t = 2 + -4. Let d(a) be the second derivative of a**5/10 + a**4/12 + 2*a**2 + 3*a. Let w(g) = 3*g**3 + g**2 + 7. Let v(i) = 7*d(i) - 4*w(i). What is v(t)?
-4
Let p(b) be the third derivative of b**7/1260 + b**6/360 + b**5/40 + 11*b**4/24 + 30*b**2. Let j(q) be the second derivative of p(q). What is j(-2)?
7
Let g(p) = 28*p - 84. Let f(d) = -18*d + 52. Let u(y) = 8*f(y) + 5*g(y). Let i(k) = k**2 - 5*k + 3. Let w be i(5). Calculate u(w).
-16
Let o(u) = 4*u**3 - 6*u**2 - 9*u + 8. Let d(v) = 7*v**3 - 12*v**2 - 16*v + 15. Let r(y) = 3*d(y) - 5*o(y). Calculate r(5).
-35
Let z(f) = f**2 - 20*f. Let n be z(20). Suppose 3*m = -m + 16. Suppose -w = -n*w + m. Let b(r) = r - 1. Give b(w).
-5
Let u(r) = 2*r**3 + 3*r**2 - r - 4. Let y be 3/9 - ((-70)/(-30) - -1). Give u(y).
-28
Let c(t) = 1 - 14*t + 14*t**2 + 24*t**2 - 40*t**2. Determine c(-6).
13
Let x(o) be the second derivative of 11*o**3/6 - o**2/2 + 313*o. Calculate x(3).
32
Let v(p) = p**2 + 5*p + 5. Let y be (5 - 40/12)*-3. Determine v(y).
5
Let s(q) = 3*q**2 - 8*q + 4. Suppose -1 = -b + 2*k, 0*k + k + 8 = 3*b. What is s(b)?
7
Let s(g) be the third derivative of g**5/60 - g**4/8 + g**3/6 + 35*g**2. Calculate s(4).
5
Let v(r) = 2*r + 2. Let n be (-2)/(-9) + (-3)/27*2. Determine v(n).
2
Let u(f) = -3*f + 1. Let d = 231 + -228. What is u(d)?
-8
Let v = -1 - -1. Suppose v = 3*b + 3*z, 0 = z - 6 + 1. Let l(d) be the first derivative of d**3/3 + 2*d**2 - 7*d - 57. Calculate l(b).
-2
Let t(m) = m + 11. Let j(f) = 8*f**2 - 83*f + 22. Let u be j(10). What is t(u)?
3
Let l(m) be the first derivative of m**4/4 + 3*m**3 + 4*m**2 + 3*m - 27. Suppose 3*q + 16 = q. What is l(q)?
3
Let l(a) = 2*a**2 - 3*a + 3. Let t be (-26)/(-5)*30/12. Suppose -2*s + 2 = -4*d, 5*s + d - t = s. What is l(s)?
12
Let k(b) be the third derivative of -1/2*b**3 + 1/120*b**6 + 1/15*b**5 - 7/24*b**4 + 2 + 21*b**2 + 0*b. Calculate k(-5).
7
Let d(l) = 3*l**2 + 19*l + 5. Let g(a) = 2*a**2 + 17*a + 6. Let c(n) = 4*d(n) - 5*g(n). Calculate c(7).
25
Let x(n) be the third derivative of -n**6/720 + n**5/30 - 3*n**4/8 - 4*n**2. Let y(h) be the second derivative of x(h). Give y(-5).
9
Let v(u) = -2*u - 8. Suppose -21 + 109 = -11*y. Determine v(y).
8
Let v be 4/18 - 3540/(-108). Let a = v + -32. Let j(z) = -5*z**3 - z**2 + z - 1. What is j(a)?
-6
Let k(r) be the second derivative of r**4/12 - r**3 - 3*r**2 - r. Suppose 4*f + 0 - 24 = 0. Determine k(f).
-6
Let r(j) = 3*j - 9. Suppose 0 = -2*v + u + 15, 5*v = -0*v + 4*u + 45. Suppose -v*n = -83 + 48. Determine r(n).
12
Let u(f) = f - 3. Suppose -56*t = w - 52*t - 22, -2*w = -2*t - 14. Determine u(w).
7
Suppose 3*c = 97 - 115. Let h(z) = z**3 + 5*z**2 - 5*z + 1. Calculate h(c).
-5
Suppose -4*v = -2*s - 30, 2*v + v = -3*s + 18. Let t(g) = 11 - 11 + g**2 - 10 - 7*g + 0*g**2. Give t(v).